culate the greatest common factor of 147 and 175.
7
What is the highest common divisor of 20118 and 21?
21
What is the highest common divisor of 160 and 70?
10
Calculate the highest common factor of 12 and 588.
12
Calculate the highest common factor of 2 and 617.
1
What is the greatest common factor of 224 and 812?
28
Calculate the greatest common divisor of 78 and 260.
26
What is the highest common divisor of 7212 and 84?
12
Calculate the greatest common factor of 112 and 592.
16
Calculate the highest common divisor of 320 and 880.
80
Calculate the greatest common divisor of 590 and 20.
10
What is the highest common divisor of 323 and 17?
17
Calculate the highest common divisor of 1750 and 25.
25
What is the greatest common factor of 1183 and 91?
91
Calculate the greatest common factor of 127 and 11430.
127
Calculate the greatest common divisor of 236 and 826.
118
Calculate the highest common factor of 558 and 248.
62
Calculate the highest common divisor of 884 and 91.
13
Calculate the greatest common factor of 24 and 1266.
6
What is the greatest common divisor of 237 and 632?
79
Calculate the highest common divisor of 89 and 1068.
89
What is the highest common factor of 4374 and 54?
54
Calculate the greatest common factor of 18491 and 22.
11
What is the highest common factor of 65 and 2197?
13
What is the highest common divisor of 176 and 2?
2
What is the greatest common divisor of 146 and 29492?
146
What is the highest common divisor of 181684 and 53?
53
What is the greatest common divisor of 168 and 350?
14
What is the highest common divisor of 120 and 588?
12
What is the highest common divisor of 51 and 69?
3
Calculate the highest common divisor of 15 and 115.
5
What is the highest common divisor of 39 and 7514?
13
What is the highest common factor of 154 and 77?
77
Calculate the highest common divisor of 706 and 2.
2
What is the greatest common factor of 28 and 840?
28
What is the greatest common divisor of 19 and 2185?
19
Calculate the greatest common divisor of 36 and 444.
12
What is the highest common factor of 12 and 174?
6
What is the greatest common factor of 4340 and 140?
140
Calculate the highest common divisor of 35676 and 36.
36
Calculate the highest common divisor of 13311 and 17.
17
What is the greatest common divisor of 1 and 29?
1
Calculate the highest common divisor of 88 and 77.
11
Calculate the highest common factor of 378 and 28.
14
Calculate the greatest common divisor of 111 and 1702.
37
What is the highest common factor of 891 and 396?
99
Calculate the highest common factor of 16 and 4496.
16
Calculate the highest common divisor of 9555 and 390.
195
What is the highest common factor of 50 and 350?
50
Calculate the greatest common divisor of 30 and 690.
30
What is the highest common factor of 405 and 18?
9
What is the highest common factor of 310 and 1147?
31
Calculate the highest common factor of 125 and 45.
5
What is the greatest common factor of 779 and 41?
41
Calculate the highest common divisor of 148 and 5772.
148
What is the highest common divisor of 90 and 522?
18
Calculate the highest common divisor of 290 and 60.
10
Calculate the greatest common divisor of 57 and 6.
3
Calculate the greatest common divisor of 414 and 18.
18
Calculate the greatest common factor of 41 and 29561.
41
Calculate the greatest common divisor of 2360 and 80.
40
Calculate the greatest common factor of 1008 and 63.
63
Calculate the greatest common divisor of 1078 and 2464.
154
What is the greatest common divisor of 27 and 153?
9
Calculate the greatest common factor of 13688 and 40.
8
Calculate the highest common factor of 30 and 810.
30
Calculate the highest common divisor of 99 and 4.
1
What is the greatest common divisor of 336 and 1134?
42
Calculate the greatest common divisor of 30 and 2445.
15
Calculate the highest common divisor of 752 and 3196.
188
What is the greatest common divisor of 240 and 112?
16
Calculate the greatest common divisor of 420 and 240.
60
Calculate the highest common divisor of 260 and 78.
26
Calculate the greatest common divisor of 1271 and 124.
31
Calculate the highest common divisor of 2553 and 115.
23
What is the greatest common divisor of 151 and 1057?
151
What is the greatest common divisor of 54 and 90?
18
What is the greatest common factor of 201 and 3?
3
Calculate the greatest common divisor of 2583 and 18.
9
What is the highest common factor of 390 and 15?
15
What is the greatest common factor of 462 and 792?
66
Calculate the highest common divisor of 7025 and 25.
25
What is the greatest common factor of 71 and 1?
1
What is the highest common factor of 85 and 10?
5
What is the greatest common divisor of 368 and 23?
23
Calculate the greatest common factor of 16 and 2216.
8
What is the greatest common divisor of 646 and 38?
38
Calculate the greatest common divisor of 792 and 1254.
66
Calculate the greatest common divisor of 20159 and 38.
19
What is the greatest common factor of 388 and 97?
97
What is the greatest common factor of 1848 and 96?
24
Calculate the greatest common factor of 1015 and 245.
35
Calculate the greatest common divisor of 949 and 845.
13
Calculate the greatest common divisor of 136 and 612.
68
What is the greatest common factor of 13598 and 130?
26
What is the greatest common divisor of 11 and 1628?
11
What is the greatest common factor of 517 and 47?
47
Calculate the greatest common factor of 2436 and 96.
12
Calculate the highest common divisor of 4528 and 32.
16
What is the greatest common factor of 5508 and 408?
204
What is the highest common factor of 19519 and 131?
131
What is the greatest common factor of 69 and 851?
23
What is the greatest common divisor of 11 and 33?
11
What is the highest common divisor of 9607 and 117?
13
What is the greatest common divisor of 244 and 28?
4
Calculate the greatest common factor of 164 and 205.
41
Calculate the greatest common divisor of 710 and 160.
10
What is the greatest common factor of 1963 and 208?
13
Calculate the greatest common factor of 4110 and 170.
10
Calculate the highest common factor of 13432 and 292.
292
Calculate the highest common divisor of 150 and 12.
6
What is the highest common divisor of 1298 and 22?
22
Calculate the greatest common factor of 22494 and 138.
138
What is the highest common factor of 120 and 5910?
30
What is the highest common divisor of 220 and 980?
20
Calculate the highest common divisor of 19 and 63593.
19
What is the highest common factor of 164 and 1271?
41
What is the greatest common factor of 760 and 160?
40
Calculate the greatest common factor of 854 and 14.
14
What is the greatest common divisor of 95 and 10?
5
What is the highest common factor of 228 and 552?
12
What is the greatest common divisor of 76 and 12?
4
What is the highest common divisor of 4864 and 57?
19
What is the greatest common divisor of 16 and 68?
4
What is the greatest common divisor of 76 and 874?
38
Calculate the highest common factor of 168 and 238.
14
Calculate the highest common divisor of 51 and 85.
17
What is the highest common factor of 2587 and 3383?
199
What is the highest common divisor of 345 and 30?
15
Calculate the greatest common factor of 33 and 143.
11
Calculate the highest common factor of 1475 and 25.
25
What is the greatest common factor of 329 and 28?
7
Calculate the greatest common divisor of 264 and 72.
24
What is the greatest common divisor of 18 and 63?
9
What is the highest common divisor of 1 and 137?
1
Calculate the greatest common factor of 52 and 1378.
26
What is the greatest common factor of 84 and 37800?
84
What is the greatest common divisor of 1425 and 3225?
75
What is the greatest common factor of 9 and 24?
3
Calculate the greatest common divisor of 425 and 34.
17
What is the greatest common factor of 12 and 138?
6
Calculate the highest common factor of 712 and 267.
89
Calculate the greatest common factor of 187 and 484.
11
What is the greatest common factor of 612 and 1683?
153
What is the highest common divisor of 392 and 184?
8
Calculate the greatest common factor of 116944 and 8.
8
What is the highest common factor of 1128 and 1269?
141
Calculate the highest common divisor of 528 and 99.
33
What is the greatest common factor of 1376 and 43?
43
What is the highest common divisor of 15